is the remainder when -1*(-101 + 9 + -5) is divided by 43?
11
Suppose 57*g - 186*g + 1392 = 45*g. Let z = 62 - -39. What is the remainder when z is divided by g?
5
Suppose 4*h = 597 - 97. What is the remainder when (-1)/(-1) + h/5 is divided by 7?
5
Suppose 0 = g - 4*w + 4, -g - 5*w = -4*w - 11. Suppose 0 = -d - 3 + g. What is the remainder when 7 is divided by d?
2
Let m be (4 + 1)*6/15. Let u(k) = -48*k**2 - 4 + 72*k**m + 4. What is the remainder when u(1) is divided by 14?
10
Suppose -6*j = -2*j. Let a(c) be the first derivative of -c**2/2 + 3*c + 31. Calculate the remainder when 10 is divided by a(j).
1
Let l be (-57)/(-4)*96/36. Suppose -14*q + l = -12*q. What is the remainder when 53 is divided by q?
15
Suppose 2*y + 5*k = 4*y - 2, 5*y - 5 = -k. Let z = y + -7. What is the remainder when (-147)/z - (-2)/(-4) is divided by 13?
11
Let x(n) be the third derivative of -n**4/24 + 5*n**3/3 - 8*n**2. Let s be x(-6). What is the remainder when 32*4/s*4 is divided by 11?
10
Let b(m) = -33*m + 150. Let u = 17 - 12. Suppose 0 = u*v - 5*z - 45, v + 0*v = -4*z + 19. What is the remainder when b(4) is divided by v?
7
Suppose x - 29 = 55 + 43. Suppose 0 = 3*g - i - 43 - 81, 0 = -2*g - 2*i + 96. What is the remainder when x is divided by g?
41
Let d = 95 - 52. Let h = 63 - d. What is the remainder when 79 is divided by h?
19
Suppose 0 = 6*z + 14*z - 340. What is the remainder when z is divided by ((-2)/6)/(((-2)/(-18))/(-1))?
2
Let h be 3/(18/708) + 3/1. Suppose -3*r = -5*w + h - 296, -r + 45 = -5*w. Calculate the remainder when r is divided by 22.
21
Suppose 2*r = -b + 15, 0 = b + r - 3*r + 1. Calculate the remainder when b is divided by 2.
1
Let f be (-7)/2 - (3 - (-45)/(-10)). Calculate the remainder when (f/(-5))/(1 - (-378)/(-380)) is divided by 13.
11
Suppose -2*w - 3*j = -39, 0 = 2*w - 2*j - 34 - 0. Suppose 7 = -q + w. Calculate the remainder when q is divided by 7.
4
Let k(q) = -q - 67. Let p be k(21). Let f = 144 + p. What is the remainder when 110 is divided by f?
54
Let h = 8105 - 5650. Calculate the remainder when h is divided by 91.
89
Let a(n) = -9*n**3. Let w be a(-1). What is the remainder when 72 is divided by (-150)/w*(-27)/18?
22
Let w(s) = -s**3 + 24*s**2 - 122*s - 11. Calculate the remainder when 90 is divided by w(8).
16
Let w = -298 + 1179. Calculate the remainder when w is divided by 49.
48
Suppose 8*y + 114 = 5*y. Let i = 7 - y. What is the remainder when i is divided by 23?
22
Suppose 4*d - 7*d = -243. Suppose 0 = -5*v - 2*n + 107, n = 4*v - 2*n - d. What is the remainder when (-61)/3*(34 + -37) is divided by v?
19
Suppose 23*s - 15*s = 24. Calculate the remainder when 5 is divided by s.
2
Calculate the remainder when 2 + 4/(-6) - 6240/(-45) is divided by 38.
26
What is the remainder when 23 is divided by (-3)/((-3)/2) - -1*4?
5
Suppose -4*v = 3*z - 132, -z + 2*z - 5*v = 25. Calculate the remainder when 69 is divided by z.
29
Suppose 6 = -2*p + 4*p. Let b be 0 + (p - 0) + -13. What is the remainder when (b/(-4))/((-1)/(-4)) is divided by 4?
2
Let t be (-1*(-2 - 452))/2. Suppose 43 = -2*q + t. What is the remainder when 15 is divided by q/12 - 3/(-9)?
7
Suppose -4*v - 2*z + 23 = -35, -3*v - 3*z + 48 = 0. Suppose -v*a + 11*a = -66. Calculate the remainder when 131 is divided by a.
32
Suppose -4 = 2*c + 3*b + 6, -2*c = -2*b. Let m(g) = -11*g**2 - 3*g + 27*g**2 + 4*g. What is the remainder when m(c) is divided by 21?
20
Suppose 20 = -5*d, -3*h + 6 = -h - 3*d. Suppose -7*q + 6*q = -4. Let m = q - h. What is the remainder when 13 is divided by m?
6
Let p(r) = -35*r - 108. Calculate the remainder when p(-6) is divided by 21.
18
Suppose 8*a + 8 = 24. What is the remainder when (-3)/a*(3 + (-25)/3) is divided by (2/4)/((-2)/(-24))?
2
Let d = -73 + 95. Calculate the remainder when 105 is divided by d.
17
Let n(l) = l**3 - 3*l**2 + 2*l + 3. Let x(a) = -a**2 + 10*a + 4. Let k be x(10). Let s be n(k). Let c = s - 9. Calculate the remainder when 52 is divided by c.
16
Let d(z) = -7*z + 1. Let u(b) = 5*b + 244. What is the remainder when u(-26) is divided by d(-4)?
27
Suppose 0 = -4*b + 176 + 356. Suppose -l - 4*l + 105 = -5*p, 5*l + 2*p - b = 0. What is the remainder when (-4)/(-10) - (-665)/l is divided by 14?
13
Let s be 6/4*(-4)/(-3). Suppose 2*y + 2*y - 72 = s*z, 4*y - 72 = -4*z. Suppose -2*p + 9 = h, -3*h - 2*p + 49 = y. What is the remainder when 41 is divided by h?
8
Calculate the remainder when 789/(-2)*4/(-6) is divided by 67.
62
Let w(z) be the second derivative of -7*z**3/6 + z**2/2 + 7*z. Let q be w(3). Let k = 28 + q. What is the remainder when 15 is divided by k?
7
Let o(t) = -2*t**2 + 25*t - 41. What is the remainder when 25 + (-2 - (-4 - -3)) is divided by o(10)?
6
Let n be -2 + ((3 - -2) + -4)/1. Suppose -10 = -b - 4. What is the remainder when (58/29)/(n/(-11)) is divided by b?
4
Let c be 5*172/(-60)*-3. Let n = c - 32. What is the remainder when 20 is divided by n?
9
Suppose -3*t - 6*p = -4*p - 50, -86 = -5*t - 4*p. What is the remainder when 60 is divided by t?
4
Let q = 477 - 370. Calculate the remainder when q is divided by 55.
52
Suppose -3*c + j - 107 = 0, 4*j = 2*c + 3*c + 190. Let n be (-26)/10 - 10/25. What is the remainder when n*c/3 + -3 is divided by 11?
9
Suppose -436 + 1528 = 28*w. What is the remainder when w is divided by 3/((-12)/8) + 11?
3
Let p = -121 - -181. Calculate the remainder when p is divided by 54.
6
Let m be (-28)/(-8)*(-16)/(-28). Calculate the remainder when -6*(7/(-2) + -1) is divided by m/(-7) + 504/49.
7
Let u = 93 + -77. Calculate the remainder when -2*7*(-27)/6 is divided by u.
15
What is the remainder when 8/14 + -1249*(-3)/21 is divided by 76?
27
Let i be (5 + -9)/((-2)/1) + 0. Suppose l + 5*g + 4 - 16 = 0, 4*l - 12 = -i*g. Suppose 3*h - 33 = -9. Calculate the remainder when h is divided by l.
0
Suppose 302 = 42*g - 328. Let f(l) = 4*l**2 - l. Calculate the remainder when f(-3) is divided by g.
9
Let v = 245 - 133. Calculate the remainder when v is divided by 23.
20
What is the remainder when 63 is divided by (-34)/6*(32 + -35)?
12
Suppose -5*z = 4*g + 579, -2*z - 98 = -5*g + 160. Let x = -60 - z. Calculate the remainder when x is divided by 15.
14
Let h(r) = 2*r + 194. Calculate the remainder when h(0) is divided by 9.
5
Let s(x) = -25*x + 36. Let v(h) = -6*h + 9. Let i(g) = 2*s(g) - 9*v(g). Calculate the remainder when i(14) is divided by 13.
8
Let g = 569 + -5. Calculate the remainder when 0 - g/(-14) - 36/126 is divided by 15.
10
Let y = -15 - -27. Suppose -5*a - 3*f - 17 = 8, -a = 2*f + y. Let x = a + 8. Calculate the remainder when x is divided by 3.
0
Let w = 1444 - 1403. Calculate the remainder when w is divided by 13.
2
Suppose 49 = -3*r - 0*z - 4*z, 5*z - 40 = 3*r. Let o(y) = -y**3 + 9*y**2 - 25*y - 12. Let u be o(6). What is the remainder when 70/r*u/7 is divided by 13?
10
Suppose q = -2*f + 60, -3*f + 136 = 2*f - q. What is the remainder when f is divided by 12?
4
Suppose 4*f = 205 - 109. Calculate the remainder when f is divided by 9.
6
Let i(r) = 8*r - 9. Suppose 3*x + 2*x - 30 = 0. Suppose k = -0*k + 21. Calculate the remainder when i(x) is divided by k.
18
Suppose 26 - 9 = h. Calculate the remainder when 35 is divided by (-1 + 0)*(4 - h).
9
Let j = -320 - -354. Calculate the remainder when 57 is divided by j.
23
What is the remainder when 64 is divided by (-60)/(-40)*30/(1 - -2)?
4
Suppose -108 = -13*t + 4*t. Suppose 5*y + 2*f = 90, 0 + 25 = -5*f. Calculate the remainder when y is divided by t.
8
Suppose -4*w - 3*v = -2*v - 93, 0 = -5*w - 5*v + 105. Let u = -20 + w. What is the remainder when 6 is divided by u?
2
Let i(j) = 9*j + 1. Let g = 99 - 71. Calculate the remainder when g is divided by i(1).
8
Let s(a) = -4*a**3 - 2*a**2 - a - 1. Let i be s(-2). Suppose 0 = -y - 3*f + 10 + 23, 0 = -y + f + i. What is the remainder when y is divided by 10?
7
Suppose -6 = 3*b, 0 = 2*w - b - 3*b - 78. Suppose 38*s - 3 = w*s. Calculate the remainder when 5 is divided by s.
0
Suppose -f + 3*q = -0*q - 15, f - 2*q - 19 = 0. Calculate the remainder when 1023 is divided by f.
24
Let z be 20*(-15)/12*6/(-10). Suppose 14*n - 13*n = z. What is the remainder when 25 is divided by n?
10
Let f(j) = j**3 + 4*j**2 + j. Let i be f(-4). Let u(q) = -q**3 - 5*q**2 - 4*q + 2. What is the remaind